 a composite number?
True
Is 12875059 a composite number?
False
Is 28845233 prime?
True
Is 225677561 a prime number?
False
Is 641438337 composite?
True
Is 1231343 composite?
True
Is 120927413 a prime number?
False
Is 204814 composite?
True
Is 101693881 prime?
False
Is 46046479 composite?
False
Is 34222999 a composite number?
False
Is 1496743 composite?
True
Is 2191261 a prime number?
True
Is 412092977 a composite number?
False
Is 146931877 a prime number?
True
Is 3426778 a prime number?
False
Is 797609 a composite number?
True
Is 116116597 a composite number?
False
Is 61912801 composite?
False
Is 37992397 composite?
False
Is 15293051 a prime number?
True
Is 55483345 prime?
False
Is 246586027 prime?
True
Is 3242009 composite?
False
Is 268300003 a prime number?
True
Is 36786173 composite?
False
Is 813229 a prime number?
False
Is 8472881 a prime number?
True
Is 2586341 composite?
False
Is 37665053 composite?
True
Is 1121789 a composite number?
True
Is 1193167 a composite number?
True
Is 10846739 composite?
True
Is 1953023 a prime number?
False
Is 542122591 prime?
True
Is 14521399 a prime number?
False
Is 68636143 composite?
True
Is 13047293 prime?
False
Is 117409627 a prime number?
True
Is 744599 prime?
True
Is 19386277 a composite number?
False
Is 5983079 a composite number?
True
Is 20353778 a composite number?
True
Is 1492481 composite?
True
Is 5128814 prime?
False
Is 5513827 a prime number?
False
Is 55916241 a composite number?
True
Is 369702839 prime?
False
Is 343217363 prime?
False
Is 181599263 a composite number?
True
Is 4733821 a composite number?
True
Is 52163161 composite?
True
Is 1994513 composite?
True
Is 5064289 prime?
False
Is 224123 composite?
True
Is 37540943 a composite number?
True
Is 14300813 a composite number?
True
Is 21204619 a composite number?
False
Is 69077 composite?
True
Is 497041 a composite number?
False
Is 35032541 a composite number?
True
Is 271951807 a prime number?
False
Is 25372637 a composite number?
True
Is 241055551 prime?
False
Is 301512679 a prime number?
False
Is 892643 a composite number?
False
Is 21160294 prime?
False
Is 94469 a prime number?
False
Is 2515427 composite?
False
Is 8515427 composite?
True
Is 225191327 a prime number?
False
Is 259033 a composite number?
False
Is 225871 prime?
True
Is 806788537 composite?
False
Is 179075293 a prime number?
True
Is 5645527 prime?
False
Is 6361013 a prime number?
True
Is 11137267 prime?
False
Is 6403297 a prime number?
True
Is 12824597 prime?
True
Is 2573771 a composite number?
True
Is 698669 a prime number?
True
Is 6511123 composite?
True
Is 956567278 composite?
True
Is 834838 a composite number?
True
Is 622859 a composite number?
True
Is 5225567 a composite number?
False
Is 184002773 a composite number?
False
Is 8936791 composite?
False
Is 12628949 prime?
False
Is 124655291 a composite number?
True
Is 4218667 a composite number?
False
Is 20646149 a composite number?
True
Is 4112053 prime?
False
Is 38722157 a composite number?
True
Is 3212641 composite?
True
Is 1747927 composite?
True
Is 12163103 a prime number?
True
Is 1907107 composite?
False
Is 56297921 composite?
False
Is 21928343 a prime number?
True
Is 1800797 a composite number?
True
Is 152490473 a prime number?
False
Is 399471881 a composite number?
False
Is 14774593 a composite number?
False
Is 1456259 prime?
False
Is 10223189 composite?
True
Is 78947741 a prime number?
True
Is 446627 prime?
False
Is 367459 prime?
False
Is 39786391 prime?
True
Is 1453033 a composite number?
False
Is 77455361 prime?
True
Is 17603977 composite?
False
Is 6784285 prime?
False
Is 119567413 a prime number?
False
Is 431117101 composite?
False
Is 189814159 prime?
False
Is 1558639 composite?
True
Is 22846583 composite?
False
Is 24044233 a prime number?
False
Is 19857671 composite?
True
Is 91619 a prime number?
False
Is 230327499 prime?
False
Is 90282047 a composite number?
True
Is 1671421 composite?
False
Is 716883749 composite?
False
Is 983641 a prime number?
False
Is 875603 a composite number?
True
Is 7103077 a composite number?
False
Is 1295243 composite?
False
Is 28200745 prime?
False
Is 4757437 a composite number?
True
Is 3580289 a prime number?
True
Is 42947 composite?
True
Is 375763 prime?
False
Is 2567801 a composite number?
False
Is 369788381 a prime number?
True
Is 7482859 composite?
False
Is 19143937 prime?
True
Is 7040263 prime?
True
Is 90945091 a prime number?
True
Is 1588247 a composite number?
True
Is 14901547 composite?
False
Is 12398959 composite?
True
Is 3732853 composite?
False
Is 24739753 prime?
False
Is 150827051 prime?
True
Is 141848741 a composite number?
False
Is 9102539 a prime number?
False
Is 1235867 composite?
False
Is 8019287 a prime number?
False
Is 42872681 prime?
False
Is 115746703 composite?
False
Is 15114601 composite?
False
Is 12266603 a composite number?
True
Is 877654 prime?
False
Is 14898031 composite?
True
Is 10211687 a composite number?
False
Is 50466373 prime?
True
Is 12029155 prime?
False
Is 177628861 a prime number?
True
Is 7820471 composite?
True
Is 3106373 prime?
False
Is 1181099 a composite number?
False
Is 28133459 prime?
True
Is 67280407 a composite number?
True
Is 228154519 composite?
False
Is 646618913 a prime number?
False
Is 6241039 a composite number?
True
Is 41663507 composite?
False
Is 77742827 prime?
True
Is 1160933 a prime number?
False
Is 1535663 prime?
True
Is 1487041 a prime number?
False
Is 48340183 a prime number?
True
Is 42593 a prime number?
False
Is 38643601 a prime number?
False
Is 4358257 a composite number?
False
Is 7917011 composite?
False
Is 815759 prime?
False
Is 18010303 a prime number?
False
Is 6526697 composite?
False
Is 4495903 prime?
False
Is 48525077 prime?
False
Is 2290307 prime?
False
Is 10212953 a composite number?
False
Is 19014769 composite?
False
Is 2799361 prime?
True
Is 30253097 composite?
True
Is 57235427 prime?
True
Is 100297469 a prime number?
True
Is 515407 a prime number?
False
Is 21046733 a composite number?
False
Is 375041087 composite?
False
Is 26743723 a prime number?
True
Is 92653289 a prime number?
False
Is 59327033 a prime number?
True
Is 72505421 a composite number?
False
Is 12600881 a composite number?
True
Is 98997803 a prime number?
True
Is 33160199 a prime number?
True
Is 796660739 prime?
False
Is 130650301 a composite number?
True
Is 5305337 a composite number?
False
Is 2181571 a prime number?
False
Is 862314357 a prime number?
False
Is 13001593 prime?
False
Is 37650109 composite?
True
Is 669621 a composite number?
True
Is 4693021 a composite number?
False
Is 1048841 composite?
True
Is 34131787 a prime number?
True
Is 20793913 prime?
False
Is 355499 a composite number?
False
Is 5646581 composite?
False
Is 714971 a composite number?
False
Is 4976261 a prime number?
False
Is 210619 a prime number?
True
Is 83178913 a composite number?
False
Is 1130717 composite?
True
Is 302801 a composite number?
False
Is 6056411 a prime number?
True
Is 3684981 prime?
False
Is 439609 a composite number?
True
Is 5706377 composite?
False
Is 12475649 prime?
True
Is 28303243 a prime number?
False
Is 21515479 composite?
False
Is 6116147 prime?
False
Is 249616397 a prime number?
False
Is 5564177 prime?
True
Is 4021151 prime?
True
Is 547951 composite?
False
Is 31360247 composite?
True
Is 3315827 prime?
True
Is 4437469 composite?
True
Is 7560857 prime?
True
Is 3647167 a composite number?
False
Is 14788105 prime?
False
Is 229482157 a prime number?
True
Is 223777 a prime number?
False
Is 219511969 a composite number?
False
Is 2478191 prime?
False
Is 38334707 a composite number?
False
Is 238532317 a composite number?
True
Is 835301 a prime number?
False
Is 479473 prime?
True
Is 21928411 composite?
True
Is 492377 a composite number?
False
Is 13594927 a composite number?
False
Is 18866977 a prime number?
False
Is 23269351 prime?
False
Is 788208537 a composite number?
True
Is 60701803 prime?
True
Is 168127 a prime number?
True
Is 29248751 a prime number?
False
Is 148451774 a prime number?
False
Is 168036359 composite?
True
Is 3104735 composite?
True
Is 8593331 composite?
False
Is 5569471 composite?
True
Is 60548773 composite?
True
Is 18941567 composite?
False
Is 52703831 prime?
False
Is 3151997 a composite number?
True
Is 3476651 composite?
False
Is 725929